{"id":189,"date":"2024-02-07T01:50:51","date_gmt":"2024-02-07T01:50:51","guid":{"rendered":"http:\/\/itineris.org.ar\/web\/?page_id=189"},"modified":"2024-03-08T16:38:52","modified_gmt":"2024-03-08T16:38:52","slug":"heteronomia","status":"publish","type":"page","link":"https:\/\/itineris.org.ar\/web\/heteronomia\/","title":{"rendered":"Heteronom\u00eda"},"content":{"rendered":"<p>[et_pb_section fb_built=\u00bb1&#8243; _builder_version=\u00bb4.24.0&#8243; _module_preset=\u00bbdefault\u00bb background_color=\u00bb#0a0a0a\u00bb background_video_mp4=\u00bbhttp:\/\/itineris.org.ar\/web\/wp-content\/uploads\/2024\/02\/Blue-Green-Screen-Gradient-Background-Animation-Stock-Video.mp4&#8243; custom_padding=\u00bb0px||167px|||\u00bb bottom_divider_style=\u00bbwave2&#8243; bottom_divider_color=\u00bb#FFFFFF\u00bb hover_enabled=\u00bb0&#8243; global_colors_info=\u00bb{}\u00bb disabled_on=\u00bbon|on|off\u00bb sticky_enabled=\u00bb0&#8243;][et_pb_row column_structure=\u00bb1_2,1_2&#8243; _builder_version=\u00bb4.24.0&#8243; _module_preset=\u00bbdefault\u00bb global_colors_info=\u00bb{}\u00bb][et_pb_column type=\u00bb1_2&#8243; _builder_version=\u00bb4.24.0&#8243; _module_preset=\u00bbdefault\u00bb global_colors_info=\u00bb{}\u00bb][et_pb_text _builder_version=\u00bb4.24.0&#8243; _module_preset=\u00bbdefault\u00bb header_font=\u00bb|700|||||||\u00bb header_text_color=\u00bb#FFFFFF\u00bb header_font_size=\u00bb38px\u00bb transform_translate=\u00bb-114px|188px\u00bb transform_translate_linked=\u00bboff\u00bb animation_style=\u00bbslide\u00bb animation_direction=\u00bbbottom\u00bb global_colors_info=\u00bb{}\u00bb]<\/p>\n<h1>Heteronom\u00eda<\/h1>\n<p>[\/et_pb_text][\/et_pb_column][et_pb_column type=\u00bb1_2&#8243; _builder_version=\u00bb4.24.0&#8243; _module_preset=\u00bbdefault\u00bb global_colors_info=\u00bb{}\u00bb][et_pb_image src=\u00bbhttp:\/\/itineris.org.ar\/web\/wp-content\/uploads\/2024\/02\/heternomia.png\u00bb _builder_version=\u00bb4.24.0&#8243; _module_preset=\u00bbdefault\u00bb transform_scale=\u00bb154%|154%\u00bb transform_translate=\u00bb0px|30px\u00bb transform_translate_linked=\u00bboff\u00bb global_colors_info=\u00bb{}\u00bb][\/et_pb_image][\/et_pb_column][\/et_pb_row][\/et_pb_section][et_pb_section fb_built=\u00bb1&#8243; _builder_version=\u00bb4.24.0&#8243; _module_preset=\u00bbdefault\u00bb background_color=\u00bb#0a0a0a\u00bb background_video_mp4=\u00bbhttp:\/\/itineris.org.ar\/web\/wp-content\/uploads\/2024\/02\/Blue-Green-Screen-Gradient-Background-Animation-Stock-Video.mp4&#8243; custom_padding=\u00bb0px||167px|||\u00bb bottom_divider_style=\u00bbwave2&#8243; bottom_divider_color=\u00bb#FFFFFF\u00bb hover_enabled=\u00bb0&#8243; global_colors_info=\u00bb{}\u00bb disabled_on=\u00bboff|off|on\u00bb sticky_enabled=\u00bb0&#8243;][et_pb_row column_structure=\u00bb1_2,1_2&#8243; _builder_version=\u00bb4.24.0&#8243; _module_preset=\u00bbdefault\u00bb global_colors_info=\u00bb{}\u00bb][et_pb_column type=\u00bb1_2&#8243; _builder_version=\u00bb4.24.0&#8243; _module_preset=\u00bbdefault\u00bb global_colors_info=\u00bb{}\u00bb][et_pb_text _builder_version=\u00bb4.24.0&#8243; _module_preset=\u00bbdefault\u00bb header_font=\u00bb|700|||||||\u00bb header_text_color=\u00bb#FFFFFF\u00bb transform_translate=\u00bb54px|4px\u00bb transform_translate_linked=\u00bboff\u00bb animation_style=\u00bbslide\u00bb animation_direction=\u00bbbottom\u00bb hover_enabled=\u00bb0&#8243; global_colors_info=\u00bb{}\u00bb sticky_enabled=\u00bb0&#8243;]<\/p>\n<h1>Heteronom\u00eda<\/h1>\n<p>[\/et_pb_text][\/et_pb_column][et_pb_column type=\u00bb1_2&#8243; _builder_version=\u00bb4.24.0&#8243; _module_preset=\u00bbdefault\u00bb global_colors_info=\u00bb{}\u00bb][et_pb_image src=\u00bbhttp:\/\/itineris.org.ar\/web\/wp-content\/uploads\/2024\/02\/heternomia.png\u00bb _builder_version=\u00bb4.24.0&#8243; _module_preset=\u00bbdefault\u00bb transform_scale=\u00bb154%|154%\u00bb transform_translate=\u00bb0px|30px\u00bb transform_translate_linked=\u00bboff\u00bb global_colors_info=\u00bb{}\u00bb][\/et_pb_image][\/et_pb_column][\/et_pb_row][\/et_pb_section][et_pb_section fb_built=\u00bb1&#8243; _builder_version=\u00bb4.24.0&#8243; _module_preset=\u00bbdefault\u00bb custom_padding=\u00bb4px||0px|||\u00bb global_colors_info=\u00bb{}\u00bb][et_pb_row _builder_version=\u00bb4.24.0&#8243; _module_preset=\u00bbdefault\u00bb global_colors_info=\u00bb{}\u00bb][et_pb_column type=\u00bb4_4&#8243; _builder_version=\u00bb4.24.0&#8243; _module_preset=\u00bbdefault\u00bb global_colors_info=\u00bb{}\u00bb][et_pb_text _builder_version=\u00bb4.24.0&#8243; _module_preset=\u00bbdefault\u00bb text_text_color=\u00bb#000000&#8243; text_font_size=\u00bb20px\u00bb text_line_height=\u00bb1.8em\u00bb global_colors_info=\u00bb{}\u00bb]<\/p>\n<p>La heteronom\u00eda (ser\u00a0<em>dentro\/con<\/em>\u00a0el contexto) cuestiona las concepciones que fijan a la persona con discapacidad en un posicionamiento de dependencia, dado que la condici\u00f3n humana es la interdependencia con su entorno. Las limitaciones funcionales pueden ser fijas, pero la posici\u00f3n de la persona con respecto a\u00a0<em>su<\/em>\u00a0interacci\u00f3n en\u00a0<em>su contexto<\/em>, con\u00a0<em>sus otros<\/em>, en\u00a0<em>su vida<\/em>, nunca puede estar atravesada por el determinismo de sus capacidades y la clausura de su evoluci\u00f3n.<\/p>\n<p>La interdependencia y la heteronom\u00eda son las concepciones m\u00e1s apropiadas para entender, intervenir y evaluar a las personas con cualquier tipo de discapacidad, sobre todo aquellas con limitaciones severas del desarrollo.\u00a0<\/p>\n<p>La centralidad de la autonom\u00eda, la b\u00fasqueda de la independencia y la perplejidad que suelen generar los altos niveles de la dependencia, minimizaron o extinguieron el rol fundamental que cumple el contexto vincular. Esto sucedi\u00f3 como consecuencia de disociar a los otros de la vida de la persona con discapacidad y consecuentemente, su vida en la comunidad. Adquirir la autonom\u00eda se transform\u00f3 en la \u00fanica fuente de dignidad, como si depender de otros no fuera esencial a la experiencia humana com\u00fan.\u00a0<\/p>\n<p>La herramienta de intervenci\u00f3n basada en la concepci\u00f3n de la Heteronom\u00eda, cuenta con 34 indicadores, agrupados en 4 \u00e1reas:\u00a0<em>Cuidado Personal, Convivencia Hogare\u00f1a, Socializaci\u00f3n y Participaci\u00f3n<\/em>. Permite identificar las situaciones de dependencia, y las 3 posiciones heter\u00f3nomas: asistida, colaboradora y protag\u00f3nica. La situaci\u00f3n de dependencia no funciona ya, como un estigma, sino como una orientaci\u00f3n para intervenir con precisi\u00f3n.\u00a0\u00a0<\/p>\n<p>Puede ser utilizada como herramienta de evaluaci\u00f3n en diferentes instancias y procesos, tales como la admisi\u00f3n, el seguimiento y documentaci\u00f3n de la evoluci\u00f3n de una persona, en cualquier programa, educativo o terap\u00e9utico. Asimismo, puede ser completada por profesionales, o familiares.\u00a0<\/p>\n<p>Una vez tomada la herramienta, los datos ser\u00e1n cargados en un link facilitado por la Fundaci\u00f3n ITINERIS, para proceder al procesamiento de los datos, la producci\u00f3n de gr\u00e1ficos y tablas b\u00e1sicas, que permitan obtener informaci\u00f3n relevante y en conocimiento profesional. Estar\u00e1 disponible la oportunidad de supervisar el an\u00e1lisis de los resultados para optimizar el proceso.\u00a0<\/p>\n<p>El m\u00f3dulo es virtual y autogestionado, de 3 horas de duraci\u00f3n, contando con la posibilidad de aclarar dudas con tutores a trav\u00e9s del correo electr\u00f3nico. Quienes deseen ser habilitados para usar la escala tienen que cumplir con un trabajo pr\u00e1ctico y un encuentro de supervisi\u00f3n tomando la escala.\u00a0<\/p>\n<p>Tambi\u00e9n es posible organizar conferencias o capacitaciones institucionales, sobre esta tem\u00e1tica, presenciales o a distancia, en cualquier pa\u00eds de Latinoam\u00e9rica.<\/p>\n<p>[\/et_pb_text][et_pb_button button_url=\u00bb@ET-DC@eyJkeW5hbWljIjp0cnVlLCJjb250ZW50IjoicG9zdF9saW5rX3VybF9wYWdlIiwic2V0dGluZ3MiOnsicG9zdF9pZCI6IjEzMCJ9fQ==@\u00bb button_text=\u00bbContactanos\u00bb _builder_version=\u00bb4.24.0&#8243; _dynamic_attributes=\u00bbbutton_url\u00bb _module_preset=\u00bbdefault\u00bb custom_button=\u00bbon\u00bb button_text_color=\u00bb#FFFFFF\u00bb button_bg_color=\u00bb#0C71C3&#8243; global_colors_info=\u00bb{}\u00bb][\/et_pb_button][et_pb_text _builder_version=\u00bb4.24.0&#8243; _module_preset=\u00bbdefault\u00bb text_text_color=\u00bb#000000&#8243; text_font_size=\u00bb20px\u00bb text_line_height=\u00bb1.8em\u00bb global_colors_info=\u00bb{}\u00bb]<\/p>\n<p><strong>Materiales relacionados<\/strong><\/p>\n<p>[\/et_pb_text][et_pb_button button_text=\u00bbLe\u00e9\u00bb _builder_version=\u00bb4.24.0&#8243; _module_preset=\u00bbdefault\u00bb custom_button=\u00bbon\u00bb button_text_color=\u00bb#FFFFFF\u00bb button_bg_color=\u00bb#b42e3c\u00bb global_colors_info=\u00bb{}\u00bb][\/et_pb_button][\/et_pb_column][\/et_pb_row][\/et_pb_section]<\/p>\n","protected":false},"excerpt":{"rendered":"<p>Heteronom\u00edaHeteronom\u00edaLa heteronom\u00eda (ser\u00a0dentro\/con\u00a0el contexto) cuestiona las concepciones que fijan a la persona con discapacidad en un posicionamiento de dependencia, dado que la condici\u00f3n humana es la interdependencia con su entorno. Las limitaciones funcionales pueden ser fijas, pero la posici\u00f3n de la persona con respecto a\u00a0su\u00a0interacci\u00f3n en\u00a0su contexto, con\u00a0sus otros, en\u00a0su vida, nunca puede estar atravesada [&hellip;]<\/p>\n","protected":false},"author":2,"featured_media":0,"parent":0,"menu_order":0,"comment_status":"closed","ping_status":"closed","template":"","meta":{"_et_pb_use_builder":"on","_et_pb_old_content":"<!-- wp:divi\/placeholder \/-->","_et_gb_content_width":"","footnotes":""},"class_list":["post-189","page","type-page","status-publish","hentry"],"_links":{"self":[{"href":"https:\/\/itineris.org.ar\/web\/wp-json\/wp\/v2\/pages\/189","targetHints":{"allow":["GET"]}}],"collection":[{"href":"https:\/\/itineris.org.ar\/web\/wp-json\/wp\/v2\/pages"}],"about":[{"href":"https:\/\/itineris.org.ar\/web\/wp-json\/wp\/v2\/types\/page"}],"author":[{"embeddable":true,"href":"https:\/\/itineris.org.ar\/web\/wp-json\/wp\/v2\/users\/2"}],"replies":[{"embeddable":true,"href":"https:\/\/itineris.org.ar\/web\/wp-json\/wp\/v2\/comments?post=189"}],"version-history":[{"count":4,"href":"https:\/\/itineris.org.ar\/web\/wp-json\/wp\/v2\/pages\/189\/revisions"}],"predecessor-version":[{"id":614,"href":"https:\/\/itineris.org.ar\/web\/wp-json\/wp\/v2\/pages\/189\/revisions\/614"}],"wp:attachment":[{"href":"https:\/\/itineris.org.ar\/web\/wp-json\/wp\/v2\/media?parent=189"}],"curies":[{"name":"wp","href":"https:\/\/api.w.org\/{rel}","templated":true}]}}