{"id":215,"date":"2024-02-07T02:51:02","date_gmt":"2024-02-07T02:51:02","guid":{"rendered":"http:\/\/itineris.org.ar\/web\/?page_id=215"},"modified":"2024-03-10T01:22:25","modified_gmt":"2024-03-10T01:22:25","slug":"que-es-ser-autogestor","status":"publish","type":"page","link":"https:\/\/itineris.org.ar\/web\/que-es-ser-autogestor\/","title":{"rendered":"\u00bfQu\u00e9 es ser autogestor?"},"content":{"rendered":"<p>[et_pb_section fb_built=\u00bb1&#8243; disabled_on=\u00bbon|on|off\u00bb _builder_version=\u00bb4.24.0&#8243; _module_preset=\u00bbdefault\u00bb background_color=\u00bbRGBA(255,255,255,0)\u00bb background_video_mp4=\u00bbhttp:\/\/itineris.org.ar\/web\/wp-content\/uploads\/2024\/02\/Video-Banner-Stock-Videos-Red-Orange-Yellow-Background-Generic.mp4&#8243; custom_padding=\u00bb0px||162px|||\u00bb bottom_divider_style=\u00bbwave2&#8243; bottom_divider_color=\u00bb#FFFFFF\u00bb global_colors_info=\u00bb{}\u00bb][et_pb_row column_structure=\u00bb1_2,1_2&#8243; _builder_version=\u00bb4.24.0&#8243; _module_preset=\u00bbdefault\u00bb global_colors_info=\u00bb{}\u00bb][et_pb_column type=\u00bb1_2&#8243; _builder_version=\u00bb4.24.0&#8243; _module_preset=\u00bbdefault\u00bb global_colors_info=\u00bb{}\u00bb][et_pb_image src=\u00bbhttp:\/\/itineris.org.ar\/web\/wp-content\/uploads\/2024\/02\/AA-color.png\u00bb _builder_version=\u00bb4.24.0&#8243; _module_preset=\u00bbdefault\u00bb transform_scale=\u00bb96%|96%\u00bb transform_translate=\u00bb0px|30px\u00bb transform_translate_linked=\u00bboff\u00bb global_colors_info=\u00bb{}\u00bb][\/et_pb_image][\/et_pb_column][et_pb_column type=\u00bb1_2&#8243; _builder_version=\u00bb4.24.0&#8243; _module_preset=\u00bbdefault\u00bb global_colors_info=\u00bb{}\u00bb][et_pb_text _builder_version=\u00bb4.24.0&#8243; _module_preset=\u00bbdefault\u00bb header_text_color=\u00bb#000000&#8243; transform_translate=\u00bb182px|262px\u00bb transform_translate_linked=\u00bboff\u00bb animation_style=\u00bbslide\u00bb animation_direction=\u00bbright\u00bb header_text_shadow_style=\u00bbpreset1&#8243; header_text_shadow_color=\u00bb#FFFFFF\u00bb global_colors_info=\u00bb{}\u00bb]<\/p>\n<h1><strong>\u00bfQu\u00e9 es ser autogestor?<\/strong><\/h1>\n<p>[\/et_pb_text][\/et_pb_column][\/et_pb_row][\/et_pb_section][et_pb_section fb_built=\u00bb1&#8243; disabled_on=\u00bboff|off|on\u00bb _builder_version=\u00bb4.24.0&#8243; _module_preset=\u00bbdefault\u00bb background_color=\u00bbRGBA(255,255,255,0)\u00bb background_video_mp4=\u00bbhttp:\/\/itineris.org.ar\/web\/wp-content\/uploads\/2024\/02\/Video-Banner-Stock-Videos-Red-Orange-Yellow-Background-Generic.mp4&#8243; custom_padding=\u00bb0px||162px|||\u00bb bottom_divider_style=\u00bbwave2&#8243; bottom_divider_color=\u00bb#FFFFFF\u00bb global_colors_info=\u00bb{}\u00bb][et_pb_row column_structure=\u00bb1_2,1_2&#8243; _builder_version=\u00bb4.24.0&#8243; _module_preset=\u00bbdefault\u00bb global_colors_info=\u00bb{}\u00bb][et_pb_column type=\u00bb1_2&#8243; _builder_version=\u00bb4.24.0&#8243; _module_preset=\u00bbdefault\u00bb global_colors_info=\u00bb{}\u00bb][et_pb_image src=\u00bbhttp:\/\/itineris.org.ar\/web\/wp-content\/uploads\/2024\/02\/AA-color.png\u00bb _builder_version=\u00bb4.24.0&#8243; _module_preset=\u00bbdefault\u00bb transform_scale=\u00bb96%|96%\u00bb transform_translate=\u00bb0px|30px\u00bb transform_translate_linked=\u00bboff\u00bb global_colors_info=\u00bb{}\u00bb][\/et_pb_image][\/et_pb_column][et_pb_column type=\u00bb1_2&#8243; _builder_version=\u00bb4.24.0&#8243; _module_preset=\u00bbdefault\u00bb global_colors_info=\u00bb{}\u00bb][et_pb_text _builder_version=\u00bb4.24.0&#8243; _module_preset=\u00bbdefault\u00bb header_text_color=\u00bb#000000&#8243; transform_translate=\u00bb75px|36px\u00bb transform_translate_linked=\u00bboff\u00bb animation_style=\u00bbslide\u00bb animation_direction=\u00bbright\u00bb header_text_shadow_style=\u00bbpreset1&#8243; header_text_shadow_color=\u00bb#FFFFFF\u00bb global_colors_info=\u00bb{}\u00bb]<\/p>\n<h1><strong>\u00bfQu\u00e9 es ser autogestor?<\/strong><\/h1>\n<p>[\/et_pb_text][\/et_pb_column][\/et_pb_row][\/et_pb_section][et_pb_section fb_built=\u00bb1&#8243; _builder_version=\u00bb4.24.0&#8243; _module_preset=\u00bbdefault\u00bb global_colors_info=\u00bb{}\u00bb][et_pb_row _builder_version=\u00bb4.24.0&#8243; _module_preset=\u00bbdefault\u00bb global_colors_info=\u00bb{}\u00bb][et_pb_column type=\u00bb4_4&#8243; _builder_version=\u00bb4.24.0&#8243; _module_preset=\u00bbdefault\u00bb global_colors_info=\u00bb{}\u00bb][et_pb_text _builder_version=\u00bb4.24.0&#8243; _module_preset=\u00bbdefault\u00bb text_text_color=\u00bb#000000&#8243; text_font_size=\u00bb20px\u00bb text_line_height=\u00bb1.8em\u00bb global_colors_info=\u00bb{}\u00bb]<\/p>\n<p>Los Autogestores son personas con discapacidad que voluntariamente inciden en sus comunidades para hacerlas m\u00e1s inclusivas. Se re\u00fanen y trabajan para transformar la autodeterminaci\u00f3n de sus propias vidas y el cumplimiento de la inclusi\u00f3n en sus comunidades.<\/p>\n<p>El Autogestor es un actor social que aprende, debate y act\u00faa en grupo para impulsar a su entorno a ser inclusivo. Lo hacen a trav\u00e9s de las siguientes acciones:<\/p>\n<p><strong>\u2022 <\/strong>Dando testimonio de sus vidas.<br \/><strong>\u2022 <\/strong>Investigando sobre problemas y barreras comunes a todas las personas con discapacidad, y proponiendo soluciones.<br \/><strong>\u2022 <\/strong>Concientizando a la comunidad, a trav\u00e9s de distintas campa\u00f1as de sensibilizaci\u00f3n, redes sociales y medios de comunicaci\u00f3n.<br \/><strong>\u2022 <\/strong>Capacitando a los alumnos de diferentes niveles educativos (primarias, secundarias, terciarios y universidades) sobre los derechos humanos, la participaci\u00f3n social, la inclusi\u00f3n y la no discriminaci\u00f3n.<br \/><strong>\u2022 <\/strong>Participando de los Consejos Municipales de Discapacidad.\u00a0<\/p>\n<p>[\/et_pb_text][\/et_pb_column][\/et_pb_row][\/et_pb_section][et_pb_section fb_built=\u00bb1&#8243; fullwidth=\u00bbon\u00bb _builder_version=\u00bb4.24.0&#8243; _module_preset=\u00bbdefault\u00bb global_colors_info=\u00bb{}\u00bb][et_pb_fullwidth_image src=\u00bbhttp:\/\/itineris.org.ar\/web\/wp-content\/uploads\/2024\/02\/autogestores.jpg\u00bb _builder_version=\u00bb4.24.0&#8243; _module_preset=\u00bbdefault\u00bb animation_style=\u00bbslide\u00bb global_colors_info=\u00bb{}\u00bb][\/et_pb_fullwidth_image][\/et_pb_section][et_pb_section fb_built=\u00bb1&#8243; _builder_version=\u00bb4.24.0&#8243; _module_preset=\u00bbdefault\u00bb global_colors_info=\u00bb{}\u00bb][et_pb_row _builder_version=\u00bb4.24.0&#8243; _module_preset=\u00bbdefault\u00bb global_colors_info=\u00bb{}\u00bb][et_pb_column type=\u00bb4_4&#8243; _builder_version=\u00bb4.24.0&#8243; _module_preset=\u00bbdefault\u00bb global_colors_info=\u00bb{}\u00bb][et_pb_text _builder_version=\u00bb4.24.0&#8243; _module_preset=\u00bbdefault\u00bb text_text_color=\u00bb#000000&#8243; text_font_size=\u00bb20px\u00bb text_line_height=\u00bb1.8em\u00bb global_colors_info=\u00bb{}\u00bb]<\/p>\n<p><strong>Qui\u00e9nes son los Facilitadores<\/strong><\/p>\n<p>Son personas adultas que donan algunas horas por semana para ponerse al servicio de los Autogestores. No necesitan tener un t\u00edtulo profesional. El requisito fundamental es que tengan ganas de acompa\u00f1ar a un grupo de personas que buscan tener voz propia y crecer como ciudadanos. Suele resultar positivo que la tarea de facilitador sea llevada a cabo por dos personas, cuando los miembros del grupo de Autogestores son m\u00e1s de 8 personas.<\/p>\n<p>Su funci\u00f3n es fortalecer la autodeterminaci\u00f3n de los miembros del grupo y brindarle apoyo para que cumplan su rol social transformador: hacer que la comunidad sea m\u00e1s inclusiva en relaci\u00f3n a las personas con discapacidad.<\/p>\n<p>El Facilitador es quien convoca, organiza y motiva al grupo, hasta tanto los Autogestores vayan asumiendo esas tareas por s\u00ed mismos. Con el correr del tiempo, el facilitador ocupa un lugar cada vez m\u00e1s secundario, o bien se dedica a tareas m\u00e1s complejas e innovadoras, siempre al servicio del grupo.<\/p>\n<p>[\/et_pb_text][\/et_pb_column][\/et_pb_row][et_pb_row column_structure=\u00bb1_2,1_2&#8243; _builder_version=\u00bb4.24.0&#8243; _module_preset=\u00bbdefault\u00bb global_colors_info=\u00bb{}\u00bb][et_pb_column type=\u00bb1_2&#8243; _builder_version=\u00bb4.24.0&#8243; _module_preset=\u00bbdefault\u00bb global_colors_info=\u00bb{}\u00bb][et_pb_text _builder_version=\u00bb4.24.0&#8243; _module_preset=\u00bbdefault\u00bb text_text_color=\u00bb#000000&#8243; text_font_size=\u00bb20px\u00bb text_line_height=\u00bb1.8em\u00bb animation_style=\u00bbslide\u00bb animation_direction=\u00bbleft\u00bb hover_enabled=\u00bb0&#8243; global_colors_info=\u00bb{}\u00bb sticky_enabled=\u00bb0&#8243;]<strong>Las funciones de un facilitador deben:<\/strong><\/p>\n<p><strong>\u2022 <\/strong>Ser una gu\u00eda, un referencia necesaria para cumplir los objetivos del grupo;<br \/>\n<strong>\u2022 <\/strong>Aprender de las personas con discapacidad, respetar sus tiempos, escucharlos y facilitar que dialoguen entre ellos<br \/>\n<strong>\u2022 <\/strong>Orientarlos y dejar que los autogestores elijan,<br \/>\n<strong>\u2022 <\/strong>Ayudar a planificar el trabajo y organizar los recursos necesarios;<br \/>\n<strong>\u2022 <\/strong>Buscar lugares de reuni\u00f3n gratuitos y disponibles en su comunidad (club, biblioteca, centro cultural.[\/et_pb_text][\/et_pb_column][et_pb_column type=\u00bb1_2&#8243; _builder_version=\u00bb4.24.0&#8243; _module_preset=\u00bbdefault\u00bb global_colors_info=\u00bb{}\u00bb][et_pb_text _builder_version=\u00bb4.24.0&#8243; _module_preset=\u00bbdefault\u00bb text_text_color=\u00bb#000000&#8243; text_font_size=\u00bb20px\u00bb text_line_height=\u00bb1.8em\u00bb animation_style=\u00bbslide\u00bb animation_direction=\u00bbright\u00bb global_colors_info=\u00bb{}\u00bb]<\/p>\n<p><strong>Un facilitador no debe:<\/strong><\/p>\n<p><strong>\u2022 <\/strong>Sobreproteger (hacer o decir por las personas con discapacidad lo que ellas pueden hacer y expresar por s\u00ed mismas);<br \/><strong>\u2022 <\/strong>Funcionar como un maestro, ni un terapeuta, ni el encargado del grupo.<\/p>\n<p>Los autogestores y los facilitadores aprenden con la pr\u00e1ctica. El desarrollo grupal e individual no es igual para todos. Los grupos crecen a su ritmo, seg\u00fan las oportunidades que aparecen y las tareas que realizan<\/p>\n<p>[\/et_pb_text][\/et_pb_column][\/et_pb_row][\/et_pb_section]<\/p>\n","protected":false},"excerpt":{"rendered":"<p>\u00bfQu\u00e9 es ser autogestor?\u00bfQu\u00e9 es ser autogestor?Los Autogestores son personas con discapacidad que voluntariamente inciden en sus comunidades para hacerlas m\u00e1s inclusivas. Se re\u00fanen y trabajan para transformar la autodeterminaci\u00f3n de sus propias vidas y el cumplimiento de la inclusi\u00f3n en sus comunidades. El Autogestor es un actor social que aprende, debate y act\u00faa en [&hellip;]<\/p>\n","protected":false},"author":2,"featured_media":0,"parent":0,"menu_order":0,"comment_status":"closed","ping_status":"closed","template":"","meta":{"_et_pb_use_builder":"on","_et_pb_old_content":"<!-- wp:divi\/placeholder \/-->","_et_gb_content_width":"","footnotes":""},"class_list":["post-215","page","type-page","status-publish","hentry"],"_links":{"self":[{"href":"https:\/\/itineris.org.ar\/web\/wp-json\/wp\/v2\/pages\/215","targetHints":{"allow":["GET"]}}],"collection":[{"href":"https:\/\/itineris.org.ar\/web\/wp-json\/wp\/v2\/pages"}],"about":[{"href":"https:\/\/itineris.org.ar\/web\/wp-json\/wp\/v2\/types\/page"}],"author":[{"embeddable":true,"href":"https:\/\/itineris.org.ar\/web\/wp-json\/wp\/v2\/users\/2"}],"replies":[{"embeddable":true,"href":"https:\/\/itineris.org.ar\/web\/wp-json\/wp\/v2\/comments?post=215"}],"version-history":[{"count":10,"href":"https:\/\/itineris.org.ar\/web\/wp-json\/wp\/v2\/pages\/215\/revisions"}],"predecessor-version":[{"id":640,"href":"https:\/\/itineris.org.ar\/web\/wp-json\/wp\/v2\/pages\/215\/revisions\/640"}],"wp:attachment":[{"href":"https:\/\/itineris.org.ar\/web\/wp-json\/wp\/v2\/media?parent=215"}],"curies":[{"name":"wp","href":"https:\/\/api.w.org\/{rel}","templated":true}]}}