{"id":98,"date":"2024-02-05T04:56:21","date_gmt":"2024-02-05T04:56:21","guid":{"rendered":"http:\/\/itineris.org.ar\/web\/?page_id=98"},"modified":"2024-03-08T15:33:26","modified_gmt":"2024-03-08T15:33:26","slug":"nuestra-historia","status":"publish","type":"page","link":"https:\/\/itineris.org.ar\/web\/nuestra-historia\/","title":{"rendered":"Nuestra historia"},"content":{"rendered":"<p>[et_pb_section fb_built=\u00bb1&#8243; _builder_version=\u00bb4.24.0&#8243; _module_preset=\u00bbdefault\u00bb background_color=\u00bb#0a0a0a\u00bb background_video_mp4=\u00bbhttp:\/\/itineris.org.ar\/web\/wp-content\/uploads\/2024\/02\/Blue-Green-Screen-Gradient-Background-Animation-Stock-Video.mp4&#8243; custom_padding=\u00bb0px||167px|||\u00bb bottom_divider_style=\u00bbwave2&#8243; bottom_divider_color=\u00bb#FFFFFF\u00bb hover_enabled=\u00bb0&#8243; global_colors_info=\u00bb{}\u00bb disabled_on=\u00bbon|on|off\u00bb sticky_enabled=\u00bb0&#8243;][et_pb_row column_structure=\u00bb1_2,1_2&#8243; _builder_version=\u00bb4.24.0&#8243; _module_preset=\u00bbdefault\u00bb global_colors_info=\u00bb{}\u00bb][et_pb_column type=\u00bb1_2&#8243; _builder_version=\u00bb4.24.0&#8243; _module_preset=\u00bbdefault\u00bb global_colors_info=\u00bb{}\u00bb][et_pb_text _builder_version=\u00bb4.24.0&#8243; _module_preset=\u00bbdefault\u00bb header_font=\u00bb|700|||||||\u00bb header_text_color=\u00bb#FFFFFF\u00bb header_font_size=\u00bb38px\u00bb transform_translate=\u00bb-114px|188px\u00bb transform_translate_linked=\u00bboff\u00bb animation_style=\u00bbslide\u00bb animation_direction=\u00bbbottom\u00bb global_colors_info=\u00bb{}\u00bb]<\/p>\n<h1>Nuestra historia<\/h1>\n<p>[\/et_pb_text][\/et_pb_column][et_pb_column type=\u00bb1_2&#8243; _builder_version=\u00bb4.24.0&#8243; _module_preset=\u00bbdefault\u00bb global_colors_info=\u00bb{}\u00bb][et_pb_image src=\u00bbhttp:\/\/itineris.org.ar\/web\/wp-content\/uploads\/2024\/02\/historia.png\u00bb _builder_version=\u00bb4.24.0&#8243; _module_preset=\u00bbdefault\u00bb transform_scale=\u00bb154%|154%\u00bb transform_translate=\u00bb0px|30px\u00bb transform_translate_linked=\u00bboff\u00bb global_colors_info=\u00bb{}\u00bb][\/et_pb_image][\/et_pb_column][\/et_pb_row][\/et_pb_section][et_pb_section fb_built=\u00bb1&#8243; _builder_version=\u00bb4.24.0&#8243; _module_preset=\u00bbdefault\u00bb background_color=\u00bb#0a0a0a\u00bb background_video_mp4=\u00bbhttp:\/\/itineris.org.ar\/web\/wp-content\/uploads\/2024\/02\/Blue-Green-Screen-Gradient-Background-Animation-Stock-Video.mp4&#8243; custom_padding=\u00bb0px||167px|||\u00bb bottom_divider_style=\u00bbwave2&#8243; bottom_divider_color=\u00bb#FFFFFF\u00bb hover_enabled=\u00bb0&#8243; global_colors_info=\u00bb{}\u00bb disabled_on=\u00bboff|off|on\u00bb sticky_enabled=\u00bb0&#8243;][et_pb_row column_structure=\u00bb1_2,1_2&#8243; _builder_version=\u00bb4.24.0&#8243; _module_preset=\u00bbdefault\u00bb global_colors_info=\u00bb{}\u00bb][et_pb_column type=\u00bb1_2&#8243; _builder_version=\u00bb4.24.0&#8243; _module_preset=\u00bbdefault\u00bb global_colors_info=\u00bb{}\u00bb][et_pb_text _builder_version=\u00bb4.24.0&#8243; _module_preset=\u00bbdefault\u00bb header_font=\u00bb|700|||||||\u00bb header_text_color=\u00bb#FFFFFF\u00bb transform_translate=\u00bb35px|26px\u00bb transform_translate_linked=\u00bboff\u00bb animation_style=\u00bbslide\u00bb animation_direction=\u00bbbottom\u00bb hover_enabled=\u00bb0&#8243; global_colors_info=\u00bb{}\u00bb sticky_enabled=\u00bb0&#8243;]<\/p>\n<h1>Nuestra historia<\/h1>\n<p>[\/et_pb_text][\/et_pb_column][et_pb_column type=\u00bb1_2&#8243; _builder_version=\u00bb4.24.0&#8243; _module_preset=\u00bbdefault\u00bb global_colors_info=\u00bb{}\u00bb][et_pb_image src=\u00bbhttp:\/\/itineris.org.ar\/web\/wp-content\/uploads\/2024\/02\/historia.png\u00bb _builder_version=\u00bb4.24.0&#8243; _module_preset=\u00bbdefault\u00bb transform_scale=\u00bb154%|154%\u00bb transform_translate=\u00bb0px|30px\u00bb transform_translate_linked=\u00bboff\u00bb global_colors_info=\u00bb{}\u00bb][\/et_pb_image][\/et_pb_column][\/et_pb_row][\/et_pb_section][et_pb_section fb_built=\u00bb1&#8243; _builder_version=\u00bb4.24.0&#8243; _module_preset=\u00bbdefault\u00bb global_colors_info=\u00bb{}\u00bb][et_pb_row _builder_version=\u00bb4.24.0&#8243; _module_preset=\u00bbdefault\u00bb global_colors_info=\u00bb{}\u00bb][et_pb_column type=\u00bb4_4&#8243; _builder_version=\u00bb4.24.0&#8243; _module_preset=\u00bbdefault\u00bb global_colors_info=\u00bb{}\u00bb][et_pb_text _builder_version=\u00bb4.24.0&#8243; _module_preset=\u00bbdefault\u00bb text_font_size=\u00bb20px\u00bb text_line_height=\u00bb1.8em\u00bb global_colors_info=\u00bb{}\u00bb]<\/p>\n<p><span style=\"color: #000000;\">Desde 1999, generamos cambios respecto de la percepci\u00f3n de las personas con discapacidad, desafiando las concepciones sobreprotectoras, y las creencias negativas y limitantes que las mantienen en posiciones marginales o desvalorizadas.<\/span><\/p>\n<p><span style=\"color: #000000;\">Produjimos evoluciones institucionales en cientos de organizaciones y varios miles de profesionales, lo que nos llev\u00f3 a ser testigos de muchas revoluciones personales, protagonizadas por personas con discapacidad intelectual que se adue\u00f1an de sus vidas.<\/span><\/p>\n<p><span style=\"color: #000000;\"><strong>Desde su creaci\u00f3n la Fundaci\u00f3n ITINERIS:<\/strong><\/span><\/p>\n<p><strong>\u2022<span>\u00a0<\/span><\/strong>Capacit\u00f3 m\u00e1s de siete mil personas (profesionales, familias, personas con discapacidad intelectual y voluntarios) en programas de 1 o 2 a\u00f1os de duraci\u00f3n.<br \/><strong>\u2022<span>\u00a0<\/span><\/strong>M\u00e1s de 300 mil personas participaron en conferencias y otras acciones de sensibilizaci\u00f3n.<br \/><strong>\u2022<span>\u00a0<\/span><\/strong>Trabaj\u00f3 con m\u00e1s de 700 organizaciones, de todo tipo, en m\u00e1s de 7 pa\u00edses.<br \/><strong>\u2022<span>\u00a0<\/span><\/strong>Particip\u00f3 del Comit\u00e9 Consultivo Honorario de COPIDIS (2010-2012 y 2016-2018) desplegando actividades de capacitaci\u00f3n y sensibilizaci\u00f3n en alianza con otras ONG y el gobierno local.<br \/><strong>\u2022<span>\u00a0<\/span><\/strong>Coordin\u00f3 el Grupo de Trabajo de Educaci\u00f3n del Observatorio de los Derechos de la Discapacidad de Naci\u00f3n, realizando actividades de relevamiento e investigaci\u00f3n nacionales. (2012 hasta 2020).<br \/><strong>\u2022<span>\u00a0<\/span><\/strong>Fund\u00f3 y apoya la evoluci\u00f3n del Movimiento de Autogestores Argentinos.<br \/><strong>\u2022<span>\u00a0<\/span><\/strong>Promueve la documentaci\u00f3n de pr\u00e1cticas a trav\u00e9s de trabajos cient\u00edficos en revistas nacionales e internacionales, publicaciones de art\u00edculos y libros de texto.<br \/><strong>\u2022<span>\u00a0<\/span><\/strong>Mantiene diversos convenios con ministerios, institutos provinciales, municipalidades y universidades nacionales e internacionales, para desarrollar acciones y programas en forma conjunta.<br \/><strong>\u2022<span>\u00a0<\/span><\/strong>Escribi\u00f3 y public\u00f3 5 libros sobre discapacidad (visita la Biblioteca), decenas de cap\u00edtulos de libros, art\u00edculos cient\u00edficos y de divulgaci\u00f3n<br \/><strong>\u2022<span>\u00a0<\/span><\/strong>Organiz\u00f3 y particip\u00f3 en m\u00e1s de 100 congresos y jornadas, locales e internacionales<\/p>\n<p>[\/et_pb_text][\/et_pb_column][\/et_pb_row][\/et_pb_section]<\/p>\n","protected":false},"excerpt":{"rendered":"<p>Nuestra historiaNuestra historiaDesde 1999, generamos cambios respecto de la percepci\u00f3n de las personas con discapacidad, desafiando las concepciones sobreprotectoras, y las creencias negativas y limitantes que las mantienen en posiciones marginales o desvalorizadas. Produjimos evoluciones institucionales en cientos de organizaciones y varios miles de profesionales, lo que nos llev\u00f3 a ser testigos de muchas revoluciones [&hellip;]<\/p>\n","protected":false},"author":2,"featured_media":0,"parent":0,"menu_order":0,"comment_status":"closed","ping_status":"closed","template":"","meta":{"_et_pb_use_builder":"on","_et_pb_old_content":"<!-- wp:divi\/placeholder \/-->","_et_gb_content_width":"","footnotes":""},"class_list":["post-98","page","type-page","status-publish","hentry"],"_links":{"self":[{"href":"https:\/\/itineris.org.ar\/web\/wp-json\/wp\/v2\/pages\/98","targetHints":{"allow":["GET"]}}],"collection":[{"href":"https:\/\/itineris.org.ar\/web\/wp-json\/wp\/v2\/pages"}],"about":[{"href":"https:\/\/itineris.org.ar\/web\/wp-json\/wp\/v2\/types\/page"}],"author":[{"embeddable":true,"href":"https:\/\/itineris.org.ar\/web\/wp-json\/wp\/v2\/users\/2"}],"replies":[{"embeddable":true,"href":"https:\/\/itineris.org.ar\/web\/wp-json\/wp\/v2\/comments?post=98"}],"version-history":[{"count":9,"href":"https:\/\/itineris.org.ar\/web\/wp-json\/wp\/v2\/pages\/98\/revisions"}],"predecessor-version":[{"id":603,"href":"https:\/\/itineris.org.ar\/web\/wp-json\/wp\/v2\/pages\/98\/revisions\/603"}],"wp:attachment":[{"href":"https:\/\/itineris.org.ar\/web\/wp-json\/wp\/v2\/media?parent=98"}],"curies":[{"name":"wp","href":"https:\/\/api.w.org\/{rel}","templated":true}]}}

<p>[et_pb_section fb_built=»1&#8243; _builder_version=»4.24.0&#8243; _module_preset=»default» background_color=»#0a0a0a» background_video_mp4=»http://itineris.org.ar/web/wp-content/uploads/2024/02/Blue-Green-Screen-Gradient-Background-Animation-Stock-Video.mp4&#8243; custom_padding=»0px||167px|||» bottom_divider_style=»wave2&#8243; bottom_divider_color=»#FFFFFF» hover_enabled=»0&#8243; global_colors_info=»{}» disabled_on=»on|on|off» sticky_enabled=»0&#8243;][et_pb_row column_structure=»1_2,1_2&#8243; _builder_version=»4.24.0&#8243; _module_preset=»default» global_colors_info=»{}»][et_pb_column type=»1_2&#8243; _builder_version=»4.24.0&#8243; _module_preset=»default» global_colors_info=»{}»][et_pb_text _builder_version=»4.24.0&#8243; _module_preset=»default» header_font=»|700|||||||» header_text_color=»#FFFFFF» header_font_size=»38px» transform_translate=»-114px|188px» transform_translate_linked=»off» animation_style=»slide» animation_direction=»bottom» global_colors_info=»{}»]</p>
<h1>Nuestra historia</h1>
<p>[/et_pb_text][/et_pb_column][et_pb_column type=»1_2&#8243; _builder_version=»4.24.0&#8243; _module_preset=»default» global_colors_info=»{}»][et_pb_image src=»http://itineris.org.ar/web/wp-content/uploads/2024/02/historia.png» _builder_version=»4.24.0&#8243; _module_preset=»default» transform_scale=»154%|154%» transform_translate=»0px|30px» transform_translate_linked=»off» global_colors_info=»{}»][/et_pb_image][/et_pb_column][/et_pb_row][/et_pb_section][et_pb_section fb_built=»1&#8243; _builder_version=»4.24.0&#8243; _module_preset=»default» background_color=»#0a0a0a» background_video_mp4=»http://itineris.org.ar/web/wp-content/uploads/2024/02/Blue-Green-Screen-Gradient-Background-Animation-Stock-Video.mp4&#8243; custom_padding=»0px||167px|||» bottom_divider_style=»wave2&#8243; bottom_divider_color=»#FFFFFF» hover_enabled=»0&#8243; global_colors_info=»{}» disabled_on=»off|off|on» sticky_enabled=»0&#8243;][et_pb_row column_structure=»1_2,1_2&#8243; _builder_version=»4.24.0&#8243; _module_preset=»default» global_colors_info=»{}»][et_pb_column type=»1_2&#8243; _builder_version=»4.24.0&#8243; _module_preset=»default» global_colors_info=»{}»][et_pb_text _builder_version=»4.24.0&#8243; _module_preset=»default» header_font=»|700|||||||» header_text_color=»#FFFFFF» transform_translate=»35px|26px» transform_translate_linked=»off» animation_style=»slide» animation_direction=»bottom» hover_enabled=»0&#8243; global_colors_info=»{}» sticky_enabled=»0&#8243;]</p>
<h1>Nuestra historia</h1>
<p>[/et_pb_text][/et_pb_column][et_pb_column type=»1_2&#8243; _builder_version=»4.24.0&#8243; _module_preset=»default» global_colors_info=»{}»][et_pb_image src=»http://itineris.org.ar/web/wp-content/uploads/2024/02/historia.png» _builder_version=»4.24.0&#8243; _module_preset=»default» transform_scale=»154%|154%» transform_translate=»0px|30px» transform_translate_linked=»off» global_colors_info=»{}»][/et_pb_image][/et_pb_column][/et_pb_row][/et_pb_section][et_pb_section fb_built=»1&#8243; _builder_version=»4.24.0&#8243; _module_preset=»default» global_colors_info=»{}»][et_pb_row _builder_version=»4.24.0&#8243; _module_preset=»default» global_colors_info=»{}»][et_pb_column type=»4_4&#8243; _builder_version=»4.24.0&#8243; _module_preset=»default» global_colors_info=»{}»][et_pb_text _builder_version=»4.24.0&#8243; _module_preset=»default» text_font_size=»20px» text_line_height=»1.8em» global_colors_info=»{}»]</p>
<p><span style="color: #000000;">Desde 1999, generamos cambios respecto de la percepción de las personas con discapacidad, desafiando las concepciones sobreprotectoras, y las creencias negativas y limitantes que las mantienen en posiciones marginales o desvalorizadas.</span></p>
<p><span style="color: #000000;">Produjimos evoluciones institucionales en cientos de organizaciones y varios miles de profesionales, lo que nos llevó a ser testigos de muchas revoluciones personales, protagonizadas por personas con discapacidad intelectual que se adueñan de sus vidas.</span></p>
<p><span style="color: #000000;"><strong>Desde su creación la Fundación ITINERIS:</strong></span></p>
<p><strong>•<span> </span></strong>Capacitó más de siete mil personas (profesionales, familias, personas con discapacidad intelectual y voluntarios) en programas de 1 o 2 años de duración.<br /><strong>•<span> </span></strong>Más de 300 mil personas participaron en conferencias y otras acciones de sensibilización.<br /><strong>•<span> </span></strong>Trabajó con más de 700 organizaciones, de todo tipo, en más de 7 países.<br /><strong>•<span> </span></strong>Participó del Comité Consultivo Honorario de COPIDIS (2010-2012 y 2016-2018) desplegando actividades de capacitación y sensibilización en alianza con otras ONG y el gobierno local.<br /><strong>•<span> </span></strong>Coordinó el Grupo de Trabajo de Educación del Observatorio de los Derechos de la Discapacidad de Nación, realizando actividades de relevamiento e investigación nacionales. (2012 hasta 2020).<br /><strong>•<span> </span></strong>Fundó y apoya la evolución del Movimiento de Autogestores Argentinos.<br /><strong>•<span> </span></strong>Promueve la documentación de prácticas a través de trabajos científicos en revistas nacionales e internacionales, publicaciones de artículos y libros de texto.<br /><strong>•<span> </span></strong>Mantiene diversos convenios con ministerios, institutos provinciales, municipalidades y universidades nacionales e internacionales, para desarrollar acciones y programas en forma conjunta.<br /><strong>•<span> </span></strong>Escribió y publicó 5 libros sobre discapacidad (visita la Biblioteca), decenas de capítulos de libros, artículos científicos y de divulgación<br /><strong>•<span> </span></strong>Organizó y participó en más de 100 congresos y jornadas, locales e internacionales</p>
<p>[/et_pb_text][/et_pb_column][/et_pb_row][/et_pb_section]</p>

<p>Nuestra historiaNuestra historiaDesde 1999, generamos cambios respecto de la percepción de las personas con discapacidad, desafiando las concepciones sobreprotectoras, y las creencias negativas y limitantes que las mantienen en posiciones marginales o desvalorizadas. Produjimos evoluciones institucionales en cientos de organizaciones y varios miles de profesionales, lo que nos llevó a ser testigos de muchas revoluciones [&hellip;]</p>
